{"id":32,"date":"2025-06-17T13:44:55","date_gmt":"2025-06-17T13:44:55","guid":{"rendered":"https:\/\/transkonig.cl\/?page_id=32"},"modified":"2025-06-26T17:37:43","modified_gmt":"2025-06-26T17:37:43","slug":"servicios","status":"publish","type":"page","link":"https:\/\/transkonig.cl\/index.php\/servicios\/","title":{"rendered":"Servicios"},"content":{"rendered":"<p><strong>Servicio de Transporte de Carga \u2013 Transportes K\u00f6nig<\/strong><\/p>\n<p>En Transportes K\u00f6nig, ofrecemos soluciones log\u00edsticas confiables y eficientes en transporte terrestre de carga seca y productos terminados principalmente, atendiendo a empresas y particulares desde Chilo\u00e9 hasta la Regi\u00f3n Metropolitana y alrededores, con base en Valdivia, Chile.<\/p>\n<p>Con m\u00e1s de 40 a\u00f1os de experiencia, nos especializamos en el traslado seguro de mercader\u00eda para diversos sectores productivos, incluyendo:<\/p>\n<ul>\n<li><span style=\"color: #ff0000;\"><em><strong>Construcci\u00f3n y obras civiles<\/strong><\/em><\/span><\/li>\n<li><span style=\"color: #ff0000;\"><em><strong>Acuicultura, pesca y alimentaci\u00f3n animal<\/strong><\/em><\/span><\/li>\n<li><span style=\"color: #ff0000;\"><em><strong>Alimentos y bebidas<\/strong><\/em><\/span><\/li>\n<li><span style=\"color: #ff0000;\"><em><strong>Comercio, ferreter\u00eda y forestal<\/strong><\/em><\/span><\/li>\n<li><span style=\"color: #ff0000;\"><em><strong>Qu\u00edmica e insumos industriales<\/strong><\/em><\/span><\/li>\n<li><span style=\"color: #ff0000;\"><em><strong>Materiales de construcci\u00f3n y aislaci\u00f3n<\/strong><\/em><\/span><\/li>\n<li><span style=\"color: #ff0000;\"><em><strong>Reciclaje y medioambiente<\/strong><\/em><\/span><\/li>\n<\/ul>\n<p>Trabajamos seg\u00fan la demanda espec\u00edfica de cada cliente, cubriendo tanto rutas interurbanas como locales. Nos destacamos por ofrecer un servicio que garantiza:<\/p>\n<ul>\n<li>Puntualidad en las entregas<\/li>\n<li>Integridad total de la carga<\/li>\n<li>Comunicaci\u00f3n y trazabilidad en tiempo real<\/li>\n<\/ul>\n<p>Contamos con una flota equipada con GPS y sistema de gesti\u00f3n de flota, lo que permite un control preciso de velocidad, ubicaci\u00f3n y distancia recorrida, fortaleciendo la seguridad y eficiencia log\u00edstica de cada operaci\u00f3n.<\/p>\n<p>&nbsp;<\/p>\n<p><img decoding=\"async\" class=\"wp-image-54 aligncenter lazyload\" data-src=\"https:\/\/transkonig.cl\/wp-content\/uploads\/2025\/06\/Screenshot_2.png\" alt=\"\" width=\"841\" height=\"631\" data-srcset=\"https:\/\/transkonig.cl\/wp-content\/uploads\/2025\/06\/Screenshot_2.png 729w, https:\/\/transkonig.cl\/wp-content\/uploads\/2025\/06\/Screenshot_2-300x225.png 300w, https:\/\/transkonig.cl\/wp-content\/uploads\/2025\/06\/Screenshot_2-285x214.png 285w\" data-sizes=\"(max-width: 841px) 100vw, 841px\" src=\"data:image\/gif;base64,R0lGODlhAQABAAAAACH5BAEKAAEALAAAAAABAAEAAAICTAEAOw==\" style=\"--smush-placeholder-width: 841px; --smush-placeholder-aspect-ratio: 841\/631;\" \/><\/p>\n","protected":false},"excerpt":{"rendered":"<p>Servicio de Transporte de Carga \u2013 Transportes K\u00f6nig En Transportes K\u00f6nig, ofrecemos soluciones log\u00edsticas confiables y eficientes en transporte terrestre de carga seca y productos terminados principalmente, atendiendo a empresas y particulares desde Chilo\u00e9 hasta la Regi\u00f3n Metropolitana y alrededores, con base en Valdivia, Chile. Con m\u00e1s de 40 a\u00f1os de experiencia, nos especializamos en<a href=\"https:\/\/transkonig.cl\/index.php\/servicios\/\">[&#8230;]<\/a><\/p>\n","protected":false},"author":1,"featured_media":0,"parent":0,"menu_order":0,"comment_status":"closed","ping_status":"closed","template":"template-fullwidth.php","meta":{"footnotes":""},"class_list":["post-32","page","type-page","status-publish","hentry"],"_links":{"self":[{"href":"https:\/\/transkonig.cl\/index.php\/wp-json\/wp\/v2\/pages\/32","targetHints":{"allow":["GET"]}}],"collection":[{"href":"https:\/\/transkonig.cl\/index.php\/wp-json\/wp\/v2\/pages"}],"about":[{"href":"https:\/\/transkonig.cl\/index.php\/wp-json\/wp\/v2\/types\/page"}],"author":[{"embeddable":true,"href":"https:\/\/transkonig.cl\/index.php\/wp-json\/wp\/v2\/users\/1"}],"replies":[{"embeddable":true,"href":"https:\/\/transkonig.cl\/index.php\/wp-json\/wp\/v2\/comments?post=32"}],"version-history":[{"count":5,"href":"https:\/\/transkonig.cl\/index.php\/wp-json\/wp\/v2\/pages\/32\/revisions"}],"predecessor-version":[{"id":94,"href":"https:\/\/transkonig.cl\/index.php\/wp-json\/wp\/v2\/pages\/32\/revisions\/94"}],"wp:attachment":[{"href":"https:\/\/transkonig.cl\/index.php\/wp-json\/wp\/v2\/media?parent=32"}],"curies":[{"name":"wp","href":"https:\/\/api.w.org\/{rel}","templated":true}]}}